omposite?
True
Is 11745042691 a prime number?
False
Is 8215868473 prime?
True
Is 1426382029 composite?
False
Is 8908232057 composite?
True
Is 10466550529 prime?
False
Is 22136103271 a composite number?
False
Is 7481764793 a prime number?
True
Is 73315261 a prime number?
False
Is 910776389 a composite number?
True
Is 3295598741 a composite number?
True
Is 132076919659 composite?
True
Is 139860431 prime?
False
Is 620269201 a composite number?
False
Is 7375842895 prime?
False
Is 1684284703 composite?
True
Is 9285174953 a composite number?
False
Is 818943877 a prime number?
True
Is 939293917 a prime number?
False
Is 693132241 a prime number?
False
Is 17530779517 a prime number?
False
Is 14475309737 prime?
False
Is 11571880217 a prime number?
False
Is 10427558279 composite?
True
Is 161105021639 prime?
True
Is 324701043 a prime number?
False
Is 6672203861 prime?
True
Is 43945024007 a composite number?
False
Is 186262633 a prime number?
False
Is 2922547951 prime?
True
Is 99076717 prime?
False
Is 1024488317 composite?
False
Is 51594637 a prime number?
True
Is 189674567 a prime number?
True
Is 791261599 a composite number?
False
Is 23145689657 prime?
True
Is 1450500179 a prime number?
True
Is 445400789 prime?
False
Is 14015096741 prime?
True
Is 5787747607 a composite number?
True
Is 7604413 a composite number?
True
Is 2208222127 a prime number?
True
Is 156386101 a composite number?
True
Is 525107003 a prime number?
True
Is 72095690123 a prime number?
True
Is 5370721361 a composite number?
False
Is 1625890531 a prime number?
False
Is 370433462429 a composite number?
False
Is 9365315681 a prime number?
False
Is 5247287933 a prime number?
False
Is 8172021661 composite?
True
Is 97780457 a prime number?
True
Is 2544974077 a prime number?
True
Is 397490609 a composite number?
True
Is 156947178539 composite?
True
Is 11106697607 a prime number?
False
Is 26580694967 a prime number?
True
Is 7310346311 a prime number?
False
Is 5746536761 prime?
False
Is 347419778681 prime?
True
Is 12063298483 composite?
False
Is 30634826279 composite?
False
Is 572415083 a prime number?
True
Is 1038886939 composite?
True
Is 3397472179 a prime number?
False
Is 7897939901 composite?
True
Is 20777443927 a prime number?
False
Is 450846533 prime?
False
Is 35821851797 a prime number?
False
Is 1059873355 a prime number?
False
Is 24439804223 prime?
False
Is 406445878 a composite number?
True
Is 2977306817 composite?
False
Is 1750817121 a composite number?
True
Is 5426492989 a composite number?
False
Is 55857001 a prime number?
True
Is 155439379 a composite number?
False
Is 9319025077 a composite number?
False
Is 9178027 a prime number?
True
Is 4038514343 a composite number?
False
Is 6848769 a prime number?
False
Is 20548979281 composite?
False
Is 23912177395 composite?
True
Is 1594428907 composite?
False
Is 611913739 prime?
False
Is 1019217737 prime?
True
Is 7610760229 a composite number?
False
Is 15328097877 prime?
False
Is 194860373 a prime number?
False
Is 1450908817 composite?
False
Is 18699576191 a composite number?
False
Is 5269741049 composite?
True
Is 312649020787 composite?
False
Is 1333835117 a prime number?
False
Is 2951372537 a composite number?
True
Is 220884569 composite?
False
Is 469954007 a composite number?
False
Is 264677081 a composite number?
False
Is 879054889 a composite number?
False
Is 3912693041 a prime number?
False
Is 1838855353 prime?
False
Is 116121329953 prime?
False
Is 275862407 composite?
True
Is 458674613 composite?
False
Is 8323744795 a prime number?
False
Is 3235553291 prime?
True
Is 192661334 a prime number?
False
Is 1848028667 a composite number?
False
Is 8090934193 prime?
True
Is 5789373043 composite?
True
Is 3932040689 prime?
True
Is 38316201359 a composite number?
False
Is 122035787 composite?
True
Is 19866955877 a prime number?
False
Is 1889784227 composite?
False
Is 5705224229 composite?
False
Is 2885696531 a prime number?
True
Is 183044528021 prime?
False
Is 13574233579 a composite number?
False
Is 63478064101 a composite number?
False
Is 3029781067 a composite number?
True
Is 572554006 prime?
False
Is 1101406619 a prime number?
False
Is 3325717211 composite?
False
Is 2444155091 prime?
False
Is 1095687379 prime?
True
Is 8712868637 a composite number?
True
Is 48679216913 prime?
True
Is 3915809363 prime?
False
Is 905368787 a prime number?
False
Is 846831314357 prime?
False
Is 97491589259 composite?
False
Is 269808043 composite?
True
Is 2449443263 a prime number?
True
Is 2980687943 prime?
False
Is 20945634589 a prime number?
False
Is 456015311 a composite number?
False
Is 3823588129 prime?
True
Is 2450663981 a prime number?
True
Is 1098518689 a prime number?
False
Is 7467644857 prime?
True
Is 188876751169 composite?
True
Is 149619529 composite?
False
Is 690115453 composite?
True
Is 6285697449 prime?
False
Is 5562431983 composite?
False
Is 609588937 composite?
False
Is 84170113 a prime number?
True
Is 60044486627 a prime number?
True
Is 16336153877 a prime number?
True
Is 887994871 composite?
False
Is 297244637 a composite number?
False
Is 11193463555 a prime number?
False
Is 9400651594 a composite number?
True
Is 13914400391 a prime number?
False
Is 868800427 prime?
False
Is 250276880641 a prime number?
False
Is 288243643 composite?
False
Is 45698167 a composite number?
True
Is 74720886103 composite?
False
Is 414359069 composite?
True
Is 4181600411 prime?
False
Is 871948169 prime?
True
Is 2141138503 composite?
True
Is 3302717819 prime?
True
Is 24258937 composite?
True
Is 783689689 composite?
False
Is 2406782923 a composite number?
False
Is 1637951099 composite?
False
Is 6954437467 composite?
True
Is 44320889 prime?
False
Is 159027019 composite?
False
Is 1977601577 a composite number?
True
Is 6570603041 a composite number?
False
Is 4862253479 a composite number?
True
Is 228107381 a prime number?
True
Is 26728581571 a composite number?
False
Is 331293293 a composite number?
True
Is 3146828983 a prime number?
False
Is 646519501 prime?
True
Is 44886291077 prime?
True
Is 979167029 composite?
True
Is 2860304341 a prime number?
True
Is 4296107117 composite?
False
Is 238876133869 a prime number?
True
Is 96041893 prime?
False
Is 57660107893 composite?
True
Is 720692053 composite?
True
Is 1476365831 composite?
True
Is 913936693 a prime number?
False
Is 3084244897 a prime number?
True
Is 18854521195 a composite number?
True
Is 21498717311 a composite number?
False
Is 547610903 prime?
False
Is 1281681223 a composite number?
True
Is 1023312097 a prime number?
False
Is 14931468769 a prime number?
False
Is 53505849779 composite?
False
Is 263117927 composite?
False
Is 69963285979 a composite number?
False
Is 704100013 a prime number?
True
Is 3734119271 prime?
True
Is 11340293287 composite?
True
Is 79931057 a prime number?
True
Is 1044366571 a composite number?
True
Is 375347083 prime?
True
Is 28536774043 composite?
True
Is 799188491 prime?
False
Is 748870789 a prime number?
False
Is 464943296165 a composite number?
True
Is 43408488601 a composite number?
False
Is 13286869069 a composite number?
True
Is 15173589203 prime?
True
Is 1071020453 prime?
True
Is 34692466261 composite?
False
Is 1254179999 a prime number?
True
Is 1412769427 a composite number?
False
Is 228286489 a prime number?
False
Is 87525677 prime?
True
Is 124087976347 composite?
False
Is 101280140723 prime?
True
Is 7562289077 prime?
False
Is 2381856703 a composite number?
False
Is 314153867347 a composite number?
True
Is 18113030483 composite?
False
Is 344990376487 a composite number?
False
Is 2729483597 a composite number?
True
Is 347904691 a composite number?
True
Is 8635405523 a prime number?
True
Is 355096678993 a prime number?
False
Is 60986322169 a prime number?
False
Is 920585903 a prime number?
True
Is 27275272667 a composite number?
False
Is 9333671387 prime?
True
Is 24647689383 a composite number?
True
Is 3077377981 composite?
True
Is 1045209601 a composite number?
True
Is 9455685727 composite?
True
Is 65060321 prime?
False
Is 113911561 prime?
True
Is 5833805837 prime?
True
Is 842621317 composite?
True
Is 10189728169 a composite number?
True
Is 4835123437 a composite number?
True
Is 385500578 a composite number?
True
Is 319628213 prime?
False
Is 31104014413 a composite number?
True
Is 538